{"id":1295,"date":"2021-10-13T00:00:00","date_gmt":"2021-10-13T00:00:00","guid":{"rendered":"https:\/\/tienda.cocinascisa.com\/index.php\/producto\/despachador-de-bebidas-no-carbonatadas-d25-4\/"},"modified":"2026-03-18T18:49:58","modified_gmt":"2026-03-18T18:49:58","slug":"despachador-de-bebidas-no-carbonatadas-d25-4","status":"publish","type":"product","link":"https:\/\/tienda.cocinascisa.com\/index.php\/producto\/despachador-de-bebidas-no-carbonatadas-d25-4\/","title":{"rendered":"DESPACHADOR DE BEBIDAS NO CARBONATADAS D25-4"},"content":{"rendered":"<p>Dispensador de doble contenedor de 5 galones para bebidas refrigeradas Crathco D25-4<br \/>\nUna manera simple y eficaz para aumentar las ventas de impulso.<br \/>\nIdeal para snack-bar, buffet, o un restaurante de comida r\u00e1pida.<br \/>\nTaz\u00f3n de mezcla con dispensador para bebidas fr\u00edas Crathco cuenta con bandeja de goteo.<br \/>\nCon menos piezas para una limpieza r\u00e1pida y f\u00e1cil.<br \/>\nEste dispensador hace que sea m\u00e1s f\u00e1cil que nunca servir jugo de fruta, t\u00e9 helado, caf\u00e9 helado<br \/>\nCuenta con una imagen est\u00e9tica y pr\u00e1ctica.<br \/>\nCon 1\/5 hp el compresor del dispensador de bebidas Crathco.<br \/>\nRefrigerante R-134a que mantendr\u00e1 sus bebidas refrigeradas y listos para el consumo durante horas a la vez.<br \/>\nSe requiere una conexi\u00f3n el\u00e9ctrica de 120V.<br \/>\nDispensador de bebidas de dos tazones de policarbonato.<br \/>\nPaneles frontal y posterior en acero inoxidable, costados y charola de derrame en blanco.<br \/>\nEmpaques que aseguran que no derrame aun con l\u00edquidos con pulpa.<br \/>\nInterruptor de inyecci\u00f3n y de encendido.<br \/>\nDimensiones de empaque (2 pzas):<br \/>\nBase (39 x 22 x 72 cm)<br \/>\nTaz\u00f3n (39 x 22 x 72 cm)<br \/>\nEspecificaciones:<br \/>\nCapacidad: 18.9 Lts (por taz\u00f3n)<br \/>\nVoltaje: 115 V\/60 Hz\/1 F<br \/>\nPotencia: 1\/5 HP<br \/>\nConsumo: 660 W<br \/>\nMedidas: 0.44\u00d70.38\u00d70.69<br \/>\nPeso: 35 Kg.<\/p>\n","protected":false},"excerpt":{"rendered":"<p>DESPACHADOR DE BEBIDAS NO CARBONATADAS D25-4<\/p>\n","protected":false},"featured_media":1296,"comment_status":"closed","ping_status":"closed","template":"","meta":{"site-sidebar-layout":"default","site-content-layout":"","ast-site-content-layout":"default","site-content-style":"default","site-sidebar-style":"default","ast-global-header-display":"","ast-banner-title-visibility":"","ast-main-header-display":"","ast-hfb-above-header-display":"","ast-hfb-below-header-display":"","ast-hfb-mobile-header-display":"","site-post-title":"","ast-breadcrumbs-content":"","ast-featured-img":"","footer-sml-layout":"","ast-disable-related-posts":"","theme-transparent-header-meta":"","adv-header-id-meta":"","stick-header-meta":"","header-above-stick-meta":"","header-main-stick-meta":"","header-below-stick-meta":"","astra-migrate-meta-layouts":"default","ast-page-background-enabled":"default","ast-page-background-meta":{"desktop":{"background-color":"var(--ast-global-color-5)","background-image":"","background-repeat":"repeat","background-position":"center center","background-size":"auto","background-attachment":"scroll","background-type":"","background-media":"","overlay-type":"","overlay-color":"","overlay-opacity":"","overlay-gradient":""},"tablet":{"background-color":"","background-image":"","background-repeat":"repeat","background-position":"center center","background-size":"auto","background-attachment":"scroll","background-type":"","background-media":"","overlay-type":"","overlay-color":"","overlay-opacity":"","overlay-gradient":""},"mobile":{"background-color":"","background-image":"","background-repeat":"repeat","background-position":"center center","background-size":"auto","background-attachment":"scroll","background-type":"","background-media":"","overlay-type":"","overlay-color":"","overlay-opacity":"","overlay-gradient":""}},"ast-content-background-meta":{"desktop":{"background-color":"var(--ast-global-color-4)","background-image":"","background-repeat":"repeat","background-position":"center center","background-size":"auto","background-attachment":"scroll","background-type":"","background-media":"","overlay-type":"","overlay-color":"","overlay-opacity":"","overlay-gradient":""},"tablet":{"background-color":"var(--ast-global-color-4)","background-image":"","background-repeat":"repeat","background-position":"center center","background-size":"auto","background-attachment":"scroll","background-type":"","background-media":"","overlay-type":"","overlay-color":"","overlay-opacity":"","overlay-gradient":""},"mobile":{"background-color":"var(--ast-global-color-4)","background-image":"","background-repeat":"repeat","background-position":"center center","background-size":"auto","background-attachment":"scroll","background-type":"","background-media":"","overlay-type":"","overlay-color":"","overlay-opacity":"","overlay-gradient":""}}},"product_brand":[],"product_cat":[490,493,492,491],"product_tag":[],"class_list":{"0":"post-1295","1":"product","2":"type-product","3":"status-publish","4":"has-post-thumbnail","6":"product_cat-crathco","7":"product_cat-despachadores-de-bebidas","8":"product_cat-fuente-de-sodas-snack-crathco","9":"product_cat-snack-crathco","10":"desktop-align-left","11":"tablet-align-left","12":"mobile-align-left","14":"first","15":"instock","16":"product-type-simple"},"_links":{"self":[{"href":"https:\/\/tienda.cocinascisa.com\/index.php\/wp-json\/wp\/v2\/product\/1295","targetHints":{"allow":["GET"]}}],"collection":[{"href":"https:\/\/tienda.cocinascisa.com\/index.php\/wp-json\/wp\/v2\/product"}],"about":[{"href":"https:\/\/tienda.cocinascisa.com\/index.php\/wp-json\/wp\/v2\/types\/product"}],"replies":[{"embeddable":true,"href":"https:\/\/tienda.cocinascisa.com\/index.php\/wp-json\/wp\/v2\/comments?post=1295"}],"wp:featuredmedia":[{"embeddable":true,"href":"https:\/\/tienda.cocinascisa.com\/index.php\/wp-json\/wp\/v2\/media\/1296"}],"wp:attachment":[{"href":"https:\/\/tienda.cocinascisa.com\/index.php\/wp-json\/wp\/v2\/media?parent=1295"}],"wp:term":[{"taxonomy":"product_brand","embeddable":true,"href":"https:\/\/tienda.cocinascisa.com\/index.php\/wp-json\/wp\/v2\/product_brand?post=1295"},{"taxonomy":"product_cat","embeddable":true,"href":"https:\/\/tienda.cocinascisa.com\/index.php\/wp-json\/wp\/v2\/product_cat?post=1295"},{"taxonomy":"product_tag","embeddable":true,"href":"https:\/\/tienda.cocinascisa.com\/index.php\/wp-json\/wp\/v2\/product_tag?post=1295"}],"curies":[{"name":"wp","href":"https:\/\/api.w.org\/{rel}","templated":true}]}}