{"id":1486,"date":"2021-10-13T00:00:00","date_gmt":"2021-10-13T00:00:00","guid":{"rendered":"https:\/\/tienda.cocinascisa.com\/index.php\/producto\/bascula-de-mostrador-etiquetadora-con-capacidad-de-20-kgs-wlabel-20\/"},"modified":"2026-03-18T18:53:14","modified_gmt":"2026-03-18T18:53:14","slug":"bascula-de-mostrador-etiquetadora-con-capacidad-de-20-kgs-wlabel-20","status":"publish","type":"product","link":"https:\/\/tienda.cocinascisa.com\/index.php\/producto\/bascula-de-mostrador-etiquetadora-con-capacidad-de-20-kgs-wlabel-20\/","title":{"rendered":"BASCULA DE MOSTRADOR ETIQUETADORA CON CAPACIDAD DE 20 KGS WLABEL-20"},"content":{"rendered":"<p>Cuenta con 35 memorias directas de producto.<br \/>\n10 reportes de ventas los cuales te ayudaran a tener el control total de tu negocio<br \/>\nPuede guardar hasta 500 productos.<br \/>\nConfigura tus tickets o etiquetas a tus necesidades.<br \/>\nActualiza precios y productos v\u00eda WiFi.<br \/>\nCon el impresor m\u00e1s r\u00e1pido del mercado, podr\u00e1s etiquetar todos tus productos en corto tiempo<br \/>\nCompatible con tu punto de venta, Microsip, Ganamas, Compucaja y m\u00e1s!<br \/>\nIncluye Software para administrar todas tus b\u00e1sculas.<br \/>\nUso de caja registradora.<br \/>\nSumar art\u00edculos y entregar ticket a tu cliente.<br \/>\n\u00dasala obre cualquier vitrina o mostrador.<br \/>\nDe f\u00e1cil mantenimiento.<br \/>\nConexi\u00f3n Wi fi a software PC o Tablet.<br \/>\nControl total de tus ventas.<br \/>\nVende de inmediato, con tus accesos directos.<br \/>\nIncluye:<br \/>\n1 Cartucho para rollo de etiquetas<br \/>\n1 Rollo de papel t\u00e9rmico.<br \/>\n1 Rollo de etiquetas.<br \/>\n1 Plantilla Pre-programada.<br \/>\nCable de uso rudo.<br \/>\nEspecificaciones:<br \/>\nCapacidades de 20 Kg<br \/>\nImpresor t\u00e9rmico de alta velocidad.<br \/>\nVoltaje: 100\/240V<br \/>\nFrecuencia: 50\/60Hz<br \/>\nAdaptador de Corriente Incluido<br \/>\nDimensi\u00f3n de plato 38 x 30cm<br \/>\nPrecio por kg max 999.99 (99.999 Opcional)<br \/>\nTotal a pagar max 9999.99 (999.999 Opcional)<br \/>\nDimensiones de la B\u00e1scula: 0.40\u00d70.50\u00d7058 m<br \/>\nPeso Neto: 18 Kg<br \/>\nPeso Empaque: 21 Kg<\/p>\n","protected":false},"excerpt":{"rendered":"<p>BASCULA DE MOSTRADOR ETIQUETADORA CON CAPACIDAD DE 20 KGS WLABEL-20<\/p>\n","protected":false},"featured_media":1487,"comment_status":"closed","ping_status":"closed","template":"","meta":{"site-sidebar-layout":"default","site-content-layout":"","ast-site-content-layout":"default","site-content-style":"default","site-sidebar-style":"default","ast-global-header-display":"","ast-banner-title-visibility":"","ast-main-header-display":"","ast-hfb-above-header-display":"","ast-hfb-below-header-display":"","ast-hfb-mobile-header-display":"","site-post-title":"","ast-breadcrumbs-content":"","ast-featured-img":"","footer-sml-layout":"","ast-disable-related-posts":"","theme-transparent-header-meta":"","adv-header-id-meta":"","stick-header-meta":"","header-above-stick-meta":"","header-main-stick-meta":"","header-below-stick-meta":"","astra-migrate-meta-layouts":"default","ast-page-background-enabled":"default","ast-page-background-meta":{"desktop":{"background-color":"var(--ast-global-color-5)","background-image":"","background-repeat":"repeat","background-position":"center center","background-size":"auto","background-attachment":"scroll","background-type":"","background-media":"","overlay-type":"","overlay-color":"","overlay-opacity":"","overlay-gradient":""},"tablet":{"background-color":"","background-image":"","background-repeat":"repeat","background-position":"center center","background-size":"auto","background-attachment":"scroll","background-type":"","background-media":"","overlay-type":"","overlay-color":"","overlay-opacity":"","overlay-gradient":""},"mobile":{"background-color":"","background-image":"","background-repeat":"repeat","background-position":"center center","background-size":"auto","background-attachment":"scroll","background-type":"","background-media":"","overlay-type":"","overlay-color":"","overlay-opacity":"","overlay-gradient":""}},"ast-content-background-meta":{"desktop":{"background-color":"var(--ast-global-color-4)","background-image":"","background-repeat":"repeat","background-position":"center center","background-size":"auto","background-attachment":"scroll","background-type":"","background-media":"","overlay-type":"","overlay-color":"","overlay-opacity":"","overlay-gradient":""},"tablet":{"background-color":"var(--ast-global-color-4)","background-image":"","background-repeat":"repeat","background-position":"center center","background-size":"auto","background-attachment":"scroll","background-type":"","background-media":"","overlay-type":"","overlay-color":"","overlay-opacity":"","overlay-gradient":""},"mobile":{"background-color":"var(--ast-global-color-4)","background-image":"","background-repeat":"repeat","background-position":"center center","background-size":"auto","background-attachment":"scroll","background-type":"","background-media":"","overlay-type":"","overlay-color":"","overlay-opacity":"","overlay-gradient":""}}},"product_brand":[],"product_cat":[540,543,539,538],"product_tag":[],"class_list":{"0":"post-1486","1":"product","2":"type-product","3":"status-publish","4":"has-post-thumbnail","6":"product_cat-basculas-equipo-de-preparacion","7":"product_cat-basculas-de-mostrador","8":"product_cat-equipo-de-preparacion","9":"product_cat-torrey","10":"desktop-align-left","11":"tablet-align-left","12":"mobile-align-left","14":"first","15":"instock","16":"purchasable","17":"product-type-simple"},"_links":{"self":[{"href":"https:\/\/tienda.cocinascisa.com\/index.php\/wp-json\/wp\/v2\/product\/1486","targetHints":{"allow":["GET"]}}],"collection":[{"href":"https:\/\/tienda.cocinascisa.com\/index.php\/wp-json\/wp\/v2\/product"}],"about":[{"href":"https:\/\/tienda.cocinascisa.com\/index.php\/wp-json\/wp\/v2\/types\/product"}],"replies":[{"embeddable":true,"href":"https:\/\/tienda.cocinascisa.com\/index.php\/wp-json\/wp\/v2\/comments?post=1486"}],"wp:featuredmedia":[{"embeddable":true,"href":"https:\/\/tienda.cocinascisa.com\/index.php\/wp-json\/wp\/v2\/media\/1487"}],"wp:attachment":[{"href":"https:\/\/tienda.cocinascisa.com\/index.php\/wp-json\/wp\/v2\/media?parent=1486"}],"wp:term":[{"taxonomy":"product_brand","embeddable":true,"href":"https:\/\/tienda.cocinascisa.com\/index.php\/wp-json\/wp\/v2\/product_brand?post=1486"},{"taxonomy":"product_cat","embeddable":true,"href":"https:\/\/tienda.cocinascisa.com\/index.php\/wp-json\/wp\/v2\/product_cat?post=1486"},{"taxonomy":"product_tag","embeddable":true,"href":"https:\/\/tienda.cocinascisa.com\/index.php\/wp-json\/wp\/v2\/product_tag?post=1486"}],"curies":[{"name":"wp","href":"https:\/\/api.w.org\/{rel}","templated":true}]}}