{"id":1514,"date":"2021-10-13T00:00:00","date_gmt":"2021-10-13T00:00:00","guid":{"rendered":"https:\/\/tienda.cocinascisa.com\/index.php\/producto\/embutidora-con-funcionamiento-electrico-y-capacidad-de-400-kgs-sf-260\/"},"modified":"2026-03-18T18:53:36","modified_gmt":"2026-03-18T18:53:36","slug":"embutidora-con-funcionamiento-electrico-y-capacidad-de-400-kgs-sf-260","status":"publish","type":"product","link":"https:\/\/tienda.cocinascisa.com\/index.php\/producto\/embutidora-con-funcionamiento-electrico-y-capacidad-de-400-kgs-sf-260\/","title":{"rendered":"EMBUTIDORA CON FUNCIONAMIENTO ELECTRICO Y CAPACIDAD DE 400 KGS SF-260"},"content":{"rendered":"<p>Ideal para procesar embutidos para producci\u00f3n masiva o individual.<br \/>\nRellena jamones salchichas chorizos y productos de charcuter\u00eda.<br \/>\nSistema Hidr\u00e1ulico que rellena de forma uniforme y mueve el embutido para un relleno parejo.<br \/>\nRuido M\u00ednimo y Alta eficiencia.<br \/>\nBot\u00f3n de Conversi\u00f3n para un m\u00e1xima seguridad de operaci\u00f3n.<br \/>\nCuerpo transportable, ruedas de alta calidad con freno.<br \/>\nPist\u00f3n de empuje y retroceso.<br \/>\nCuenta con 4 ruedas con freno.<br \/>\nBot\u00f3n de paro de emergencia.<br \/>\nCertificado Internacional CE.<br \/>\nEspecificaciones:<br \/>\nCuerpo, Cilindro y embudos fabricados en Acero Inoxidable.<br \/>\nCapacidad: 400 Kg\/hr<br \/>\nCilindro con di\u00e1metro de 260 mm.<br \/>\nVoltaje: 110 V\/60 Hz<br \/>\nPotencia: 1 HP<br \/>\nConsumo: 750 W<br \/>\nMedidas: 64 x 49 x 1.24 m<br \/>\nPeso: 150 Kg<\/p>\n","protected":false},"excerpt":{"rendered":"<p>EMBUTIDORA CON FUNCIONAMIENTO ELECTRICO Y CAPACIDAD DE 400 KGS HSF-260<\/p>\n","protected":false},"featured_media":1515,"comment_status":"closed","ping_status":"closed","template":"","meta":{"site-sidebar-layout":"default","site-content-layout":"","ast-site-content-layout":"default","site-content-style":"default","site-sidebar-style":"default","ast-global-header-display":"","ast-banner-title-visibility":"","ast-main-header-display":"","ast-hfb-above-header-display":"","ast-hfb-below-header-display":"","ast-hfb-mobile-header-display":"","site-post-title":"","ast-breadcrumbs-content":"","ast-featured-img":"","footer-sml-layout":"","ast-disable-related-posts":"","theme-transparent-header-meta":"","adv-header-id-meta":"","stick-header-meta":"","header-above-stick-meta":"","header-main-stick-meta":"","header-below-stick-meta":"","astra-migrate-meta-layouts":"default","ast-page-background-enabled":"default","ast-page-background-meta":{"desktop":{"background-color":"var(--ast-global-color-5)","background-image":"","background-repeat":"repeat","background-position":"center center","background-size":"auto","background-attachment":"scroll","background-type":"","background-media":"","overlay-type":"","overlay-color":"","overlay-opacity":"","overlay-gradient":""},"tablet":{"background-color":"","background-image":"","background-repeat":"repeat","background-position":"center center","background-size":"auto","background-attachment":"scroll","background-type":"","background-media":"","overlay-type":"","overlay-color":"","overlay-opacity":"","overlay-gradient":""},"mobile":{"background-color":"","background-image":"","background-repeat":"repeat","background-position":"center center","background-size":"auto","background-attachment":"scroll","background-type":"","background-media":"","overlay-type":"","overlay-color":"","overlay-opacity":"","overlay-gradient":""}},"ast-content-background-meta":{"desktop":{"background-color":"var(--ast-global-color-4)","background-image":"","background-repeat":"repeat","background-position":"center center","background-size":"auto","background-attachment":"scroll","background-type":"","background-media":"","overlay-type":"","overlay-color":"","overlay-opacity":"","overlay-gradient":""},"tablet":{"background-color":"var(--ast-global-color-4)","background-image":"","background-repeat":"repeat","background-position":"center center","background-size":"auto","background-attachment":"scroll","background-type":"","background-media":"","overlay-type":"","overlay-color":"","overlay-opacity":"","overlay-gradient":""},"mobile":{"background-color":"var(--ast-global-color-4)","background-image":"","background-repeat":"repeat","background-position":"center center","background-size":"auto","background-attachment":"scroll","background-type":"","background-media":"","overlay-type":"","overlay-color":"","overlay-opacity":"","overlay-gradient":""}}},"product_brand":[],"product_cat":[553,554,544,357],"product_tag":[],"class_list":{"0":"post-1514","1":"product","2":"type-product","3":"status-publish","4":"has-post-thumbnail","6":"product_cat-embutidora-electrica","7":"product_cat-embutidora-electrica-puerta-de-cristal","8":"product_cat-equipo-de-preparacion-migsa","9":"product_cat-migsa","10":"desktop-align-left","11":"tablet-align-left","12":"mobile-align-left","14":"first","15":"instock","16":"purchasable","17":"product-type-simple"},"_links":{"self":[{"href":"https:\/\/tienda.cocinascisa.com\/index.php\/wp-json\/wp\/v2\/product\/1514","targetHints":{"allow":["GET"]}}],"collection":[{"href":"https:\/\/tienda.cocinascisa.com\/index.php\/wp-json\/wp\/v2\/product"}],"about":[{"href":"https:\/\/tienda.cocinascisa.com\/index.php\/wp-json\/wp\/v2\/types\/product"}],"replies":[{"embeddable":true,"href":"https:\/\/tienda.cocinascisa.com\/index.php\/wp-json\/wp\/v2\/comments?post=1514"}],"wp:featuredmedia":[{"embeddable":true,"href":"https:\/\/tienda.cocinascisa.com\/index.php\/wp-json\/wp\/v2\/media\/1515"}],"wp:attachment":[{"href":"https:\/\/tienda.cocinascisa.com\/index.php\/wp-json\/wp\/v2\/media?parent=1514"}],"wp:term":[{"taxonomy":"product_brand","embeddable":true,"href":"https:\/\/tienda.cocinascisa.com\/index.php\/wp-json\/wp\/v2\/product_brand?post=1514"},{"taxonomy":"product_cat","embeddable":true,"href":"https:\/\/tienda.cocinascisa.com\/index.php\/wp-json\/wp\/v2\/product_cat?post=1514"},{"taxonomy":"product_tag","embeddable":true,"href":"https:\/\/tienda.cocinascisa.com\/index.php\/wp-json\/wp\/v2\/product_tag?post=1514"}],"curies":[{"name":"wp","href":"https:\/\/api.w.org\/{rel}","templated":true}]}}