{"id":1620,"date":"2021-10-13T00:00:00","date_gmt":"2021-10-13T00:00:00","guid":{"rendered":"https:\/\/tienda.cocinascisa.com\/index.php\/producto\/licuadora-para-alimentos-con-vaso-de-acero-inoxidable-t1g\/"},"modified":"2026-03-18T18:55:20","modified_gmt":"2026-03-18T18:55:20","slug":"licuadora-para-alimentos-con-vaso-de-acero-inoxidable-t1g","status":"publish","type":"product","link":"https:\/\/tienda.cocinascisa.com\/index.php\/producto\/licuadora-para-alimentos-con-vaso-de-acero-inoxidable-t1g\/","title":{"rendered":"LICUADORA PARA ALIMENTOS CON VASO DE ACERO INOXIDABLE  T1G"},"content":{"rendered":"<p>Licuadoras industriales est\u00e1n fabricadas en acero inoxidable y son ideales para la operaci\u00f3n de cocinas, hoteles, restaurantes.<br \/>\nPara peque\u00f1os establecimientos la T4L de Tapisa es el equipo ideal ya que su gran capacidad de trabajo se complementa con un bajo consumo de energ\u00eda.<br \/>\nIdeal para espacios reducidos de trabajo.<br \/>\nDise\u00f1adas para procesar grandes cantidades de alimento en corto tiempo.<br \/>\nNovedoso sistema de f\u00e1cil limpieza y optimo funcionamiento interno; el vaso evita que se derrame el liquido al estar en la maquina de operaci\u00f3n.<br \/>\nSus partes met\u00e1licas garantizas la larga vida \u00fatil sin hules o pl\u00e1sticos en acoplamientos, evitan rouras o p\u00e9rdidas.<br \/>\nVentilas en la cubierta retrasan el calentamiento prematuro y evitan el paso accidental de l\u00edquidos al motor. (Solo Tapisa ofrece este sistema incorporado a sus productos).<br \/>\nEspecificaciones:<br \/>\nCapacidad: 4 Lts.<br \/>\nMotor con Potencia de 3\/4 HP<br \/>\nCon 35,500 RPM.<br \/>\nVoltaje: 127\/60\/1<br \/>\nMedidas: 0.25\u00d70.25\u00d70.70 mts.<br \/>\nPeso: 17 kg.<\/p>\n","protected":false},"excerpt":{"rendered":"<p>LICUADORA PARA ALIMENTOS CON VASO DE ACERO INOXIDABLE T1G<\/p>\n","protected":false},"featured_media":1621,"comment_status":"closed","ping_status":"closed","template":"","meta":{"site-sidebar-layout":"default","site-content-layout":"","ast-site-content-layout":"default","site-content-style":"default","site-sidebar-style":"default","ast-global-header-display":"","ast-banner-title-visibility":"","ast-main-header-display":"","ast-hfb-above-header-display":"","ast-hfb-below-header-display":"","ast-hfb-mobile-header-display":"","site-post-title":"","ast-breadcrumbs-content":"","ast-featured-img":"","footer-sml-layout":"","ast-disable-related-posts":"","theme-transparent-header-meta":"","adv-header-id-meta":"","stick-header-meta":"","header-above-stick-meta":"","header-main-stick-meta":"","header-below-stick-meta":"","astra-migrate-meta-layouts":"default","ast-page-background-enabled":"default","ast-page-background-meta":{"desktop":{"background-color":"var(--ast-global-color-5)","background-image":"","background-repeat":"repeat","background-position":"center center","background-size":"auto","background-attachment":"scroll","background-type":"","background-media":"","overlay-type":"","overlay-color":"","overlay-opacity":"","overlay-gradient":""},"tablet":{"background-color":"","background-image":"","background-repeat":"repeat","background-position":"center center","background-size":"auto","background-attachment":"scroll","background-type":"","background-media":"","overlay-type":"","overlay-color":"","overlay-opacity":"","overlay-gradient":""},"mobile":{"background-color":"","background-image":"","background-repeat":"repeat","background-position":"center center","background-size":"auto","background-attachment":"scroll","background-type":"","background-media":"","overlay-type":"","overlay-color":"","overlay-opacity":"","overlay-gradient":""}},"ast-content-background-meta":{"desktop":{"background-color":"var(--ast-global-color-4)","background-image":"","background-repeat":"repeat","background-position":"center center","background-size":"auto","background-attachment":"scroll","background-type":"","background-media":"","overlay-type":"","overlay-color":"","overlay-opacity":"","overlay-gradient":""},"tablet":{"background-color":"var(--ast-global-color-4)","background-image":"","background-repeat":"repeat","background-position":"center center","background-size":"auto","background-attachment":"scroll","background-type":"","background-media":"","overlay-type":"","overlay-color":"","overlay-opacity":"","overlay-gradient":""},"mobile":{"background-color":"var(--ast-global-color-4)","background-image":"","background-repeat":"repeat","background-position":"center center","background-size":"auto","background-attachment":"scroll","background-type":"","background-media":"","overlay-type":"","overlay-color":"","overlay-opacity":"","overlay-gradient":""}}},"product_brand":[],"product_cat":[614,616,615,357,613],"product_tag":[],"class_list":{"0":"post-1620","1":"product","2":"type-product","3":"status-publish","4":"has-post-thumbnail","6":"product_cat-equipo-de-preparacion-tapisa-migsa","7":"product_cat-licuadora-de-cocina","8":"product_cat-licuadoras-industriales-equipo-de-preparacion-tapisa-migsa","9":"product_cat-migsa","10":"product_cat-tapisa-migsa","11":"desktop-align-left","12":"tablet-align-left","13":"mobile-align-left","15":"first","16":"instock","17":"purchasable","18":"product-type-simple"},"_links":{"self":[{"href":"https:\/\/tienda.cocinascisa.com\/index.php\/wp-json\/wp\/v2\/product\/1620","targetHints":{"allow":["GET"]}}],"collection":[{"href":"https:\/\/tienda.cocinascisa.com\/index.php\/wp-json\/wp\/v2\/product"}],"about":[{"href":"https:\/\/tienda.cocinascisa.com\/index.php\/wp-json\/wp\/v2\/types\/product"}],"replies":[{"embeddable":true,"href":"https:\/\/tienda.cocinascisa.com\/index.php\/wp-json\/wp\/v2\/comments?post=1620"}],"wp:featuredmedia":[{"embeddable":true,"href":"https:\/\/tienda.cocinascisa.com\/index.php\/wp-json\/wp\/v2\/media\/1621"}],"wp:attachment":[{"href":"https:\/\/tienda.cocinascisa.com\/index.php\/wp-json\/wp\/v2\/media?parent=1620"}],"wp:term":[{"taxonomy":"product_brand","embeddable":true,"href":"https:\/\/tienda.cocinascisa.com\/index.php\/wp-json\/wp\/v2\/product_brand?post=1620"},{"taxonomy":"product_cat","embeddable":true,"href":"https:\/\/tienda.cocinascisa.com\/index.php\/wp-json\/wp\/v2\/product_cat?post=1620"},{"taxonomy":"product_tag","embeddable":true,"href":"https:\/\/tienda.cocinascisa.com\/index.php\/wp-json\/wp\/v2\/product_tag?post=1620"}],"curies":[{"name":"wp","href":"https:\/\/api.w.org\/{rel}","templated":true}]}}