{"id":507,"date":"2021-10-13T00:00:00","date_gmt":"2021-10-13T00:00:00","guid":{"rendered":"https:\/\/tienda.cocinascisa.com\/index.php\/producto\/base-para-chef-mgf8452gr\/"},"modified":"2026-03-18T18:31:35","modified_gmt":"2026-03-18T18:31:35","slug":"base-para-chef-mgf8452gr","status":"publish","type":"product","link":"https:\/\/tienda.cocinascisa.com\/index.php\/producto\/base-para-chef-mgf8452gr\/","title":{"rendered":"BASE PARA CHEF MGF8452GR"},"content":{"rendered":"<p>Base refrigerada para colocar equipos de cocci\u00f3n, con 2 cajones y 3 insertos enteros cada uno.Base refrigerada para chef, \u00fatil para sobreponer equipos de cocci\u00f3n.<br \/>\nFrente, costados e interior en a.inox. 430.<br \/>\nRespaldo posterior externo en a.alum.<br \/>\nCubierta en a.inox., de: 1.536 m frente y 0.815 m fondo.<br \/>\nInterior con curvas sanitarias NSF.<br \/>\n2 cajones con jaladeras empotradas y sellos magn\u00e9ticos.<br \/>\n3 bandejas GN 1\/1 en cada caj\u00f3n.<br \/>\n8.4 pies\u00b3 de capacidad.<br \/>\nEnfriamiento por aire forzado.<br \/>\n1 condensador din\u00e1mico.<br \/>\n1 compresor 1\/7 HP con refrigerante ecol\u00f3gico.<br \/>\n1 control digital de temperatura.<br \/>\nDeshielo autom\u00e1tico y manual.<br \/>\nRango de temperatura de 0.5 a 3.3\u00b0C.<br \/>\n2 ruedas delanteras con freno y 2 ruedas traseras locas.<br \/>\nCertificados NSF, UL, CSA &amp; NOM.<br \/>\nCertificado eficiencia ENERGY STAR\u00ae.<br \/>\n127 V, 60 Hz, 2.3 A, 260 W.<br \/>\nPeso: 106 Kg.<br \/>\nDimensiones:<br \/>\n1.536 m frente<br \/>\n0.815 m fondo<br \/>\n0.670 m alto<\/p>\n","protected":false},"excerpt":{"rendered":"<p>BASE PARA CHEF MGF8452GR<\/p>\n","protected":false},"featured_media":508,"comment_status":"closed","ping_status":"closed","template":"","meta":{"site-sidebar-layout":"default","site-content-layout":"","ast-site-content-layout":"default","site-content-style":"default","site-sidebar-style":"default","ast-global-header-display":"","ast-banner-title-visibility":"","ast-main-header-display":"","ast-hfb-above-header-display":"","ast-hfb-below-header-display":"","ast-hfb-mobile-header-display":"","site-post-title":"","ast-breadcrumbs-content":"","ast-featured-img":"","footer-sml-layout":"","ast-disable-related-posts":"","theme-transparent-header-meta":"","adv-header-id-meta":"","stick-header-meta":"","header-above-stick-meta":"","header-main-stick-meta":"","header-below-stick-meta":"","astra-migrate-meta-layouts":"default","ast-page-background-enabled":"default","ast-page-background-meta":{"desktop":{"background-color":"var(--ast-global-color-5)","background-image":"","background-repeat":"repeat","background-position":"center center","background-size":"auto","background-attachment":"scroll","background-type":"","background-media":"","overlay-type":"","overlay-color":"","overlay-opacity":"","overlay-gradient":""},"tablet":{"background-color":"","background-image":"","background-repeat":"repeat","background-position":"center center","background-size":"auto","background-attachment":"scroll","background-type":"","background-media":"","overlay-type":"","overlay-color":"","overlay-opacity":"","overlay-gradient":""},"mobile":{"background-color":"","background-image":"","background-repeat":"repeat","background-position":"center center","background-size":"auto","background-attachment":"scroll","background-type":"","background-media":"","overlay-type":"","overlay-color":"","overlay-opacity":"","overlay-gradient":""}},"ast-content-background-meta":{"desktop":{"background-color":"var(--ast-global-color-4)","background-image":"","background-repeat":"repeat","background-position":"center center","background-size":"auto","background-attachment":"scroll","background-type":"","background-media":"","overlay-type":"","overlay-color":"","overlay-opacity":"","overlay-gradient":""},"tablet":{"background-color":"var(--ast-global-color-4)","background-image":"","background-repeat":"repeat","background-position":"center center","background-size":"auto","background-attachment":"scroll","background-type":"","background-media":"","overlay-type":"","overlay-color":"","overlay-opacity":"","overlay-gradient":""},"mobile":{"background-color":"var(--ast-global-color-4)","background-image":"","background-repeat":"repeat","background-position":"center center","background-size":"auto","background-attachment":"scroll","background-type":"","background-media":"","overlay-type":"","overlay-color":"","overlay-opacity":"","overlay-gradient":""}}},"product_brand":[],"product_cat":[95,97,98,96],"product_tag":[],"class_list":{"0":"post-507","1":"product","2":"type-product","3":"status-publish","4":"has-post-thumbnail","6":"product_cat-atosa","7":"product_cat-base-refrigerada","8":"product_cat-mesa-fria-baja-para-estufas","9":"product_cat-mesa-fria-con-cajones","10":"desktop-align-left","11":"tablet-align-left","12":"mobile-align-left","14":"first","15":"instock","16":"purchasable","17":"product-type-simple"},"_links":{"self":[{"href":"https:\/\/tienda.cocinascisa.com\/index.php\/wp-json\/wp\/v2\/product\/507","targetHints":{"allow":["GET"]}}],"collection":[{"href":"https:\/\/tienda.cocinascisa.com\/index.php\/wp-json\/wp\/v2\/product"}],"about":[{"href":"https:\/\/tienda.cocinascisa.com\/index.php\/wp-json\/wp\/v2\/types\/product"}],"replies":[{"embeddable":true,"href":"https:\/\/tienda.cocinascisa.com\/index.php\/wp-json\/wp\/v2\/comments?post=507"}],"wp:featuredmedia":[{"embeddable":true,"href":"https:\/\/tienda.cocinascisa.com\/index.php\/wp-json\/wp\/v2\/media\/508"}],"wp:attachment":[{"href":"https:\/\/tienda.cocinascisa.com\/index.php\/wp-json\/wp\/v2\/media?parent=507"}],"wp:term":[{"taxonomy":"product_brand","embeddable":true,"href":"https:\/\/tienda.cocinascisa.com\/index.php\/wp-json\/wp\/v2\/product_brand?post=507"},{"taxonomy":"product_cat","embeddable":true,"href":"https:\/\/tienda.cocinascisa.com\/index.php\/wp-json\/wp\/v2\/product_cat?post=507"},{"taxonomy":"product_tag","embeddable":true,"href":"https:\/\/tienda.cocinascisa.com\/index.php\/wp-json\/wp\/v2\/product_tag?post=507"}],"curies":[{"name":"wp","href":"https:\/\/api.w.org\/{rel}","templated":true}]}}